3?
-10
What is 7 (base 12) in base 3?
21
-123 (base 12) to base 8
-253
Convert 5 (base 7) to base 14.
5
Convert 23 (base 9) to base 3.
210
Convert 366 (base 8) to base 3.
100010
21 (base 13) to base 15
1c
What is 274 (base 10) in base 11?
22a
What is 3 (base 5) in base 10?
3
What is -11 (base 12) in base 13?
-10
What is 1 (base 6) in base 7?
1
-5 (base 7) to base 6
-5
-211 (base 5) to base 7
-110
What is -2 (base 5) in base 16?
-2
Convert -3 (base 4) to base 13.
-3
What is -2 (base 13) in base 16?
-2
What is 0 (base 14) in base 5?
0
4 (base 16) to base 7
4
10110 (base 2) to base 5
42
2 (base 8) to base 14
2
5 (base 8) to base 16
5
What is 6b (base 14) in base 5?
340
-1111 (base 2) to base 16
-f
Convert -7 (base 11) to base 5.
-12
2 (base 3) to base 6
2
Convert -9 (base 14) to base 7.
-12
What is -10110111 (base 2) in base 3?
-20210
What is -2 (base 10) in base 8?
-2
What is -2 (base 12) in base 2?
-10
What is 9 (base 14) in base 3?
100
2a (base 15) to base 16
28
-20 (base 10) to base 3
-202
What is 14 (base 12) in base 15?
11
Convert 111 (base 2) to base 3.
21
Convert 66 (base 12) to base 9.
86
41 (base 9) to base 7
52
Convert 1200 (base 3) to base 15.
30
What is 4 (base 5) in base 7?
4
What is 101121 (base 3) in base 2?
100011110
What is 6 (base 12) in base 11?
6
-311 (base 5) to base 2
-1010001
Convert -436 (base 7) to base 10.
-223
-12 (base 14) to base 4
-100
What is 44 (base 5) in base 10?
24
Convert 1 (base 13) to base 4.
1
Convert 1 (base 14) to base 7.
1
76 (base 12) to base 2
1011010
What is -70 (base 10) in base 2?
-1000110
-20 (base 4) to base 9
-8
Convert -131 (base 4) to base 11.
-27
What is 21 (base 12) in base 8?
31
1 (base 2) to base 3
1
Convert -2 (base 4) to base 14.
-2
-4 (base 14) to base 7
-4
-51 (base 10) to base 6
-123
What is 3 (base 14) in base 5?
3
33 (base 5) to base 11
17
Convert 21 (base 16) to base 7.
45
-a (base 13) to base 5
-20
221 (base 3) to base 12
21
-1021 (base 5) to base 2
-10001000
Convert -2 (base 7) to base 4.
-2
What is 246 (base 8) in base 6?
434
-1 (base 15) to base 4
-1
Convert -2 (base 15) to base 10.
-2
What is -44 (base 7) in base 12?
-28
-10012 (base 3) to base 12
-72
What is -54 (base 6) in base 4?
-202
What is 21 (base 9) in base 11?
18
-8 (base 11) to base 9
-8
What is 102 (base 8) in base 3?
2110
What is 12 (base 15) in base 5?
32
What is -1 (base 14) in base 16?
-1
10 (base 4) to base 8
4
What is -7 (base 10) in base 7?
-10
Convert -4 (base 5) to base 11.
-4
Convert -12 (base 3) to base 2.
-101
Convert -34 (base 15) to base 8.
-61
What is -19 (base 16) in base 9?
-27
10 (base 13) to base 3
111
What is 11 (base 6) in base 11?
7
What is -100 (base 6) in base 3?
-1100
Convert 156 (base 12) to base 3.
21210
Convert 1400 (base 5) to base 10.
225
5 (base 11) to base 4
11
22 (base 4) to base 16
a
What is -23 (base 12) in base 16?
-1b
-5 (base 9) to base 15
-5
What is 72 (base 8) in base 13?
46
Convert 23 (base 10) to base 5.
43
What is 4 (base 5) in base 4?
10
Convert -6 (base 12) to base 10.
-6
What is a (base 12) in base 7?
13
What is 4c (base 15) in base 2?
1001000
Convert 246 (base 9) to base 4.
3030
-25 (base 13) to base 12
-27
What is 22 (base 6) in base 7?
20
What is -25 (base 16) in base 10?
-37
What is 1 (base 13) in base 12?
1
-6 (base 12) to base 15
-6
What is 2 (base 9) in base 16?
2
Convert 10 (base 7) to base 11.
7
Convert 12 (base 14) to base 9.
17
-21 (base 4) to base 6
-13
-a (base 11) to base 13
-a
Convert -202 (base 10) to base 11.
-174
Convert -9c (base 16) to base 15.
-a6
0 (base 6) to base 3
0
17 (base 15) to base 14
18
10 (base 8) to base 10
8
12 (base 16) to base 4
102
Convert 3 (base 5) to base 10.
3
What is -4 (base 12) in base 16?
-4
Convert -3 (base 15) to base 6.
-3
-120 (base 3) to base 10
-15
What is -5 (base 15) in base 4?
-11
Convert 105 (base 9) to base 14.
62
What is 30 (base 6) in base 5?
33
What is 5 (base 11) in base 9?
5
-1 (base 7) to base 14
-1
Convert 2 (base 13) to base 9.
2
23 (base 4) to base 10
11
d (base 14) to base 13
10
Convert c (base 14) to base 13.
c
101 (base 2) to base 14
5
What is -2b (base 13) in base 10?
-37
What is 10 (base 9) in base 6?
13
Convert -10 (base 5) to base 6.
-5
2 (base 12) to base 5
2
What is 14 (base 16) in base 10?
20
Convert 251 (base 6) to base 2.
1100111
-2 (base 16) to base 10
-2
Convert 31 (base 13) to base 15.
2a
What is 1132 (base 4) in base 16?
5e
What is -51 (base 10) in base 5?
-201
Convert 103 (base 5) to base 8.
34
3 (base 10) to base 9
3
Convert 13d (base 14) to base 15.
11b
What is 1 (base 5) in base 6?
1
Convert -63 (base 16) to base 15.
-69
What is -115 (base 7) in base 9?
-67
Convert 31 (base 10) to base 11.
29
Convert -21 (base 10) to base 8.
-25
Convert 5 (base 7) to base 11.
5
Convert -10210 (base 3) to base 14.
-74
What is -11 (base 2) in base 3?
-10
46 (base 9) to base 4
222
Convert 0 (base 7) to base 10.
0
-2210 (base 3) to base 6
-203
Convert -3c (base 14) to base 10.
-54
Convert 0 (base 16) to base 9.
0
-100011 (base 2) to base 4
-203
Convert 7 (base 8) to base 11.
7
What is -13 (base 7) in base 12?
-a
Convert 10100 (base 2) to base 7.
26
What is 1 (base 7) in base 4?
1
What is 1 (base 7) in base 14?
1
Convert 66 (base 7) to base 12.
40
What is 3b (base 16) in base 5?
214
Convert -9 (base 16) to base 2.
-1001
-17 (base 12) to base 10
-19
Convert 2134 (base 5) to base 6.
1210
5 (base 6) to base 8
5
What is 6 (base 15) in base 16?
6
Convert -64 (base 12) to base 5.
-301
Convert 60 (base 10) to base 15.
40
-79 (base 16) to base 13
-94
Convert 1 (base 13) to base 11.
1
10 (base 2) to base 10
2
Convert -122 (base 4) to base 11.
-24
-7 (base 14) to base 7
-10
What is 33 (base 5) in base 3?
200
Convert 0 (base 16) to base 9.
0
100 (base 3) to base 14
9
Convert -20 (base 10) to base 15.
-15
-1 (base 16) to base 15
-1
Convert -4 (base 13) to base 12.
-4
Convert -14 (base 9) to base 10.
-13
Convert -42 (base 9) to base 16.
-26
-551 (base 7) to base 5
-2111
10111 (base 2) to base 6
35
What is -21 (base 9) in base 16?
-13
What is 100 (base 2) in base 14?
4
11100101 (base 2) to base 6
1021
-4 (base 8) to base 11
-4
Convert 105 (base 8) to base 4.
1011
67 (base 15) to base 7
166
Convert -5 (base 12) to base 6.
-5
Convert -11 (base 2) to base 9.
-3
What is 4 (base 13) in base 5?
4
Convert -1 (base 7) to base 16.
-1
What is 155 (base 6) in base 5?
241
What is -179 (base 10) in base 5?
-1204
What is -5 (base 11) in base 14?
-5
-42 (base 7) to base 8
-36
What is 1013 (base 4) in base 15?
4b
Convert -111 (base 4) to base 10.
-21
-102 (base 11) to base 10
-123
-2 (base 10) to base 14
-2
What is -24 (base 6) in base 13?
-13
What is -1 (base 11) in base 5?
-1
Convert 19 (base 13) to base 12.
1a
What is -40 (base 9) in base 6?
-100
20 (base 9) to base 7
24
Convert 8 (base 11) to base 4.
20
What is 11 (base 4) in base 7?
5
-25 (base 7) to base 14
-15
Convert -6 (base 7) to base 5.
-11
-26 (base 12) to base 14
-22
What is 200 (base 3) in base 2?
10010
What is 4 (base 12) in base 10?
4
Convert 3 (base 6) to base 9.
3
What is -22 (base 8) in base 7?
-24
-125 (base 6) to base 9
-58
122 (base 13) to base 8
305
0 (base 12) to base 11
0
39 (base 10) to base 11
36
Convert -10 (base 13) to base 9.
-14
Convert 2 (base 6) to base 7.
2
29 (base 11) to base 4
133
-94 (base 12) to base 2
-1110000
-2 (base 7) to base 11
-2
What is 20 (base 3) in base 10?
6
What is -4 (base 16) in base 7?
-4
11 (base 4) to base 8
5
What is 6a (base 12) in base 13?
64
Convert -24 (base 5) to base 11.
-13
Convert 5 (base 8) to base 4.
11
2 (base 5) to base 9
2
-405 (base 6) to base 15
-9e
Convert -3 (base 10) to base 12.
-3
What is 10 (base 3) in base 16?
3
What is -2 (base 10) in base 15?
-2
What is 1 (base 16) in base 2?
1
2 (base 9) to base 10
2
Convert -62 (base 9) to base 13.
-44
9 (base 14) to base 9
10
Convert 30 (base 15) to base 16.
2d
Convert 131 (base 4) to base 12.
25
Convert -10 (base 6) to base 14.
-6
18 (base 11) to base 10
19
What is 2 (base 13) in base 15?
2
-10 (base 12) to base 2
-1100
What is 112 (base 3) in base 14?
10
Convert -2032 (base 5) to base 10.
-267
What is -5 (base 7) in base 3?
-12
-1112 (base 3) to base 15
-2b
What is -4 (base 11) in base 14?
-4
What is 3 (base 16) in base 6?
3
Convert 28 (base 16) to base 3.
1111
-6 (b